{"id":8149,"date":"2023-05-18T04:14:00","date_gmt":"2023-05-18T04:14:00","guid":{"rendered":"https:\/\/elrincondefehmi.com\/es\/?post_type=product&#038;p=8149"},"modified":"2025-06-30T18:22:53","modified_gmt":"2025-06-30T18:22:53","slug":"kilim-rahrah-200x82cm","status":"publish","type":"product","link":"https:\/\/elrincondefehmi.com\/es\/tienda\/kilim\/sumak\/kilim-rahrah-200x82cm\/","title":{"rendered":"Kilim Rahrah para Pasillo 85&#215;290 cm"},"content":{"rendered":"<p>Este kilim Rahrah, con unas medidas de 85&#215;290 cm, es una obra maestra artesanal proveniente de la regi\u00f3n noreste de Turqu\u00eda, espec\u00edficamente de la ciudad de Van. Los kilims Rahrah se distinguen por su intrincada t\u00e9cnica de tejido y los ricos patrones geom\u00e9tricos que adornan su superficie. Este kilim en particular presenta una combinaci\u00f3n de colores vibrantes como rojo, azul y beige, que son tradicionales en los dise\u00f1os Rahrah. Los motivos geom\u00e9tricos repetitivos, como figuras en forma de diamante y patrones de l\u00edneas, simbolizan diversos aspectos de la vida cotidiana y la naturaleza, a menudo representando la fertilidad, la protecci\u00f3n y la buena fortuna. La t\u00e9cnica especial utilizada en los kilims Rahrah, que los diferencia de otros kilims, es el uso de un tejido apretado y detallado que permite una mayor durabilidad y una definici\u00f3n m\u00e1s clara de los patrones. Este kilim Rahrah no solo es un ejemplo de la riqueza cultural y art\u00edstica de Turqu\u00eda, sino que tambi\u00e9n es una pieza pr\u00e1ctica y duradera, ideal para decorar pasillos con un toque de autenticidad y elegancia. Por su tama\u00f1o y la t\u00e9cnica meticulosa con la que fue tejido, este kilim es una inversi\u00f3n valiosa tanto desde el punto de vista est\u00e9tico como funcional, y representa una herencia cultural que ha sido cuidadosamente preservada a lo largo de los siglos.<\/p>\n","protected":false},"excerpt":{"rendered":"<p>Rahrah kilim Origen: Noreste de Turqu\u00eda, la regi\u00f3n de Van Material: Lana Medidas: 85&#215;290 cm Hecho a mano<\/p>\n","protected":false},"featured_media":24523,"comment_status":"open","ping_status":"closed","template":"","meta":[],"product_cat":[335,434,103,16],"product_tag":[391,355,353,352],"yoast_head":"<!-- This site is optimized with the Yoast SEO plugin v21.5 - https:\/\/yoast.com\/wordpress\/plugins\/seo\/ -->\n<title>Alfombras y Kilims en Madrid | El Rinc\u00f3n de Fehmi Madrid<\/title>\n<meta name=\"robots\" content=\"index, follow, max-snippet:-1, max-image-preview:large, max-video-preview:-1\" \/>\n<link rel=\"canonical\" href=\"https:\/\/elrincondefehmi.com\/es\/tienda\/kilim\/sumak\/kilim-rahrah-200x82cm\/\" \/>\n<meta property=\"og:locale\" content=\"es_ES\" \/>\n<meta property=\"og:type\" content=\"article\" \/>\n<meta property=\"og:title\" content=\"Alfombras y Kilims en Madrid | El Rinc\u00f3n de Fehmi Madrid\" \/>\n<meta property=\"og:description\" content=\"Rahrah kilim Origen: Noreste de Turqu\u00eda, la regi\u00f3n de Van Material: Lana Medidas: 85x290 cm Hecho a mano\" \/>\n<meta property=\"og:url\" content=\"https:\/\/elrincondefehmi.com\/es\/tienda\/kilim\/sumak\/kilim-rahrah-200x82cm\/\" \/>\n<meta property=\"og:site_name\" content=\"El Rinc\u00f3n de Fehmi Madrid\" \/>\n<meta property=\"article:modified_time\" content=\"2025-06-30T18:22:53+00:00\" \/>\n<meta property=\"og:image\" content=\"https:\/\/elrincondefehmi.com\/es\/wp-content\/uploads\/2023\/05\/226.jpg\" \/>\n\t<meta property=\"og:image:width\" content=\"750\" \/>\n\t<meta property=\"og:image:height\" content=\"1050\" \/>\n\t<meta property=\"og:image:type\" content=\"image\/jpeg\" \/>\n<meta name=\"twitter:card\" content=\"summary_large_image\" \/>\n<script type=\"application\/ld+json\" class=\"yoast-schema-graph\">{\"@context\":\"https:\/\/schema.org\",\"@graph\":[{\"@type\":\"WebPage\",\"@id\":\"https:\/\/elrincondefehmi.com\/es\/tienda\/kilim\/sumak\/kilim-rahrah-200x82cm\/\",\"url\":\"https:\/\/elrincondefehmi.com\/es\/tienda\/kilim\/sumak\/kilim-rahrah-200x82cm\/\",\"name\":\"Alfombras y Kilims en Madrid | El Rinc\u00f3n de Fehmi Madrid\",\"isPartOf\":{\"@id\":\"https:\/\/elrincondefehmi.com\/es\/#website\"},\"datePublished\":\"2023-05-18T04:14:00+00:00\",\"dateModified\":\"2025-06-30T18:22:53+00:00\",\"breadcrumb\":{\"@id\":\"https:\/\/elrincondefehmi.com\/es\/tienda\/kilim\/sumak\/kilim-rahrah-200x82cm\/#breadcrumb\"},\"inLanguage\":\"es\",\"potentialAction\":[{\"@type\":\"ReadAction\",\"target\":[\"https:\/\/elrincondefehmi.com\/es\/tienda\/kilim\/sumak\/kilim-rahrah-200x82cm\/\"]}]},{\"@type\":\"BreadcrumbList\",\"@id\":\"https:\/\/elrincondefehmi.com\/es\/tienda\/kilim\/sumak\/kilim-rahrah-200x82cm\/#breadcrumb\",\"itemListElement\":[{\"@type\":\"ListItem\",\"position\":1,\"name\":\"PRODUCTOS\",\"item\":\"https:\/\/elrincondefehmi.com\/es\/all-product\/\"},{\"@type\":\"ListItem\",\"position\":2,\"name\":\"Kilim Rahrah para Pasillo 85&#215;290 cm\"}]},{\"@type\":\"WebSite\",\"@id\":\"https:\/\/elrincondefehmi.com\/es\/#website\",\"url\":\"https:\/\/elrincondefehmi.com\/es\/\",\"name\":\"El Rinc\u00f3n de Fehmi Madrid\",\"description\":\"Tienda de alfombras en Madrid.  En El Rinc\u00f3n de Fehmi somos especialistas en alfombras artesanales, alfombras modernas contempor\u00e1neas kilims de Turqu\u00eda\",\"potentialAction\":[{\"@type\":\"SearchAction\",\"target\":{\"@type\":\"EntryPoint\",\"urlTemplate\":\"https:\/\/elrincondefehmi.com\/es\/?s={search_term_string}\"},\"query-input\":\"required name=search_term_string\"}],\"inLanguage\":\"es\"}]}<\/script>\n<!-- \/ Yoast SEO plugin. -->","yoast_head_json":{"title":"Alfombras y Kilims en Madrid | El Rinc\u00f3n de Fehmi Madrid","robots":{"index":"index","follow":"follow","max-snippet":"max-snippet:-1","max-image-preview":"max-image-preview:large","max-video-preview":"max-video-preview:-1"},"canonical":"https:\/\/elrincondefehmi.com\/es\/tienda\/kilim\/sumak\/kilim-rahrah-200x82cm\/","og_locale":"es_ES","og_type":"article","og_title":"Alfombras y Kilims en Madrid | El Rinc\u00f3n de Fehmi Madrid","og_description":"Rahrah kilim Origen: Noreste de Turqu\u00eda, la regi\u00f3n de Van Material: Lana Medidas: 85x290 cm Hecho a mano","og_url":"https:\/\/elrincondefehmi.com\/es\/tienda\/kilim\/sumak\/kilim-rahrah-200x82cm\/","og_site_name":"El Rinc\u00f3n de Fehmi Madrid","article_modified_time":"2025-06-30T18:22:53+00:00","og_image":[{"width":750,"height":1050,"url":"https:\/\/elrincondefehmi.com\/es\/wp-content\/uploads\/2023\/05\/226.jpg","type":"image\/jpeg"}],"twitter_card":"summary_large_image","schema":{"@context":"https:\/\/schema.org","@graph":[{"@type":"WebPage","@id":"https:\/\/elrincondefehmi.com\/es\/tienda\/kilim\/sumak\/kilim-rahrah-200x82cm\/","url":"https:\/\/elrincondefehmi.com\/es\/tienda\/kilim\/sumak\/kilim-rahrah-200x82cm\/","name":"Alfombras y Kilims en Madrid | El Rinc\u00f3n de Fehmi Madrid","isPartOf":{"@id":"https:\/\/elrincondefehmi.com\/es\/#website"},"datePublished":"2023-05-18T04:14:00+00:00","dateModified":"2025-06-30T18:22:53+00:00","breadcrumb":{"@id":"https:\/\/elrincondefehmi.com\/es\/tienda\/kilim\/sumak\/kilim-rahrah-200x82cm\/#breadcrumb"},"inLanguage":"es","potentialAction":[{"@type":"ReadAction","target":["https:\/\/elrincondefehmi.com\/es\/tienda\/kilim\/sumak\/kilim-rahrah-200x82cm\/"]}]},{"@type":"BreadcrumbList","@id":"https:\/\/elrincondefehmi.com\/es\/tienda\/kilim\/sumak\/kilim-rahrah-200x82cm\/#breadcrumb","itemListElement":[{"@type":"ListItem","position":1,"name":"PRODUCTOS","item":"https:\/\/elrincondefehmi.com\/es\/all-product\/"},{"@type":"ListItem","position":2,"name":"Kilim Rahrah para Pasillo 85&#215;290 cm"}]},{"@type":"WebSite","@id":"https:\/\/elrincondefehmi.com\/es\/#website","url":"https:\/\/elrincondefehmi.com\/es\/","name":"El Rinc\u00f3n de Fehmi Madrid","description":"Tienda de alfombras en Madrid.  En El Rinc\u00f3n de Fehmi somos especialistas en alfombras artesanales, alfombras modernas contempor\u00e1neas kilims de Turqu\u00eda","potentialAction":[{"@type":"SearchAction","target":{"@type":"EntryPoint","urlTemplate":"https:\/\/elrincondefehmi.com\/es\/?s={search_term_string}"},"query-input":"required name=search_term_string"}],"inLanguage":"es"}]}},"_links":{"self":[{"href":"https:\/\/elrincondefehmi.com\/es\/wp-json\/wp\/v2\/product\/8149"}],"collection":[{"href":"https:\/\/elrincondefehmi.com\/es\/wp-json\/wp\/v2\/product"}],"about":[{"href":"https:\/\/elrincondefehmi.com\/es\/wp-json\/wp\/v2\/types\/product"}],"replies":[{"embeddable":true,"href":"https:\/\/elrincondefehmi.com\/es\/wp-json\/wp\/v2\/comments?post=8149"}],"wp:featuredmedia":[{"embeddable":true,"href":"https:\/\/elrincondefehmi.com\/es\/wp-json\/wp\/v2\/media\/24523"}],"wp:attachment":[{"href":"https:\/\/elrincondefehmi.com\/es\/wp-json\/wp\/v2\/media?parent=8149"}],"wp:term":[{"taxonomy":"product_cat","embeddable":true,"href":"https:\/\/elrincondefehmi.com\/es\/wp-json\/wp\/v2\/product_cat?post=8149"},{"taxonomy":"product_tag","embeddable":true,"href":"https:\/\/elrincondefehmi.com\/es\/wp-json\/wp\/v2\/product_tag?post=8149"}],"curies":[{"name":"wp","href":"https:\/\/api.w.org\/{rel}","templated":true}]}}

<p>Este kilim Rahrah, con unas medidas de 85&#215;290 cm, es una obra maestra artesanal proveniente de la región noreste de Turquía, específicamente de la ciudad de Van. Los kilims Rahrah se distinguen por su intrincada técnica de tejido y los ricos patrones geométricos que adornan su superficie. Este kilim en particular presenta una combinación de colores vibrantes como rojo, azul y beige, que son tradicionales en los diseños Rahrah. Los motivos geométricos repetitivos, como figuras en forma de diamante y patrones de líneas, simbolizan diversos aspectos de la vida cotidiana y la naturaleza, a menudo representando la fertilidad, la protección y la buena fortuna. La técnica especial utilizada en los kilims Rahrah, que los diferencia de otros kilims, es el uso de un tejido apretado y detallado que permite una mayor durabilidad y una definición más clara de los patrones. Este kilim Rahrah no solo es un ejemplo de la riqueza cultural y artística de Turquía, sino que también es una pieza práctica y duradera, ideal para decorar pasillos con un toque de autenticidad y elegancia. Por su tamaño y la técnica meticulosa con la que fue tejido, este kilim es una inversión valiosa tanto desde el punto de vista estético como funcional, y representa una herencia cultural que ha sido cuidadosamente preservada a lo largo de los siglos.</p>

<p>Rahrah kilim Origen: Noreste de Turquía, la región de Van Material: Lana Medidas: 85&#215;290 cm Hecho a mano</p>

<!-- This site is optimized with the Yoast SEO plugin v21.5 - https://yoast.com/wordpress/plugins/seo/ -->
<title>Alfombras y Kilims en Madrid | El Rincón de Fehmi Madrid</title>
<meta name="robots" content="index, follow, max-snippet:-1, max-image-preview:large, max-video-preview:-1" />
<link rel="canonical" href="https://elrincondefehmi.com/es/tienda/kilim/sumak/kilim-rahrah-200x82cm/" />
<meta property="og:locale" content="es_ES" />
<meta property="og:type" content="article" />
<meta property="og:title" content="Alfombras y Kilims en Madrid | El Rincón de Fehmi Madrid" />
<meta property="og:description" content="Rahrah kilim Origen: Noreste de Turquía, la región de Van Material: Lana Medidas: 85x290 cm Hecho a mano" />
<meta property="og:url" content="https://elrincondefehmi.com/es/tienda/kilim/sumak/kilim-rahrah-200x82cm/" />
<meta property="og:site_name" content="El Rincón de Fehmi Madrid" />
<meta property="article:modified_time" content="2025-06-30T18:22:53+00:00" />
<meta property="og:image" content="https://elrincondefehmi.com/es/wp-content/uploads/2023/05/226.jpg" />
	<meta property="og:image:width" content="750" />
	<meta property="og:image:height" content="1050" />
	<meta property="og:image:type" content="image/jpeg" />
<meta name="twitter:card" content="summary_large_image" />
<script type="application/ld+json" class="yoast-schema-graph">{"@context":"https://schema.org","@graph":[{"@type":"WebPage","@id":"https://elrincondefehmi.com/es/tienda/kilim/sumak/kilim-rahrah-200x82cm/","url":"https://elrincondefehmi.com/es/tienda/kilim/sumak/kilim-rahrah-200x82cm/","name":"Alfombras y Kilims en Madrid | El Rincón de Fehmi Madrid","isPartOf":{"@id":"https://elrincondefehmi.com/es/#website"},"datePublished":"2023-05-18T04:14:00+00:00","dateModified":"2025-06-30T18:22:53+00:00","breadcrumb":{"@id":"https://elrincondefehmi.com/es/tienda/kilim/sumak/kilim-rahrah-200x82cm/#breadcrumb"},"inLanguage":"es","potentialAction":[{"@type":"ReadAction","target":["https://elrincondefehmi.com/es/tienda/kilim/sumak/kilim-rahrah-200x82cm/"]}]},{"@type":"BreadcrumbList","@id":"https://elrincondefehmi.com/es/tienda/kilim/sumak/kilim-rahrah-200x82cm/#breadcrumb","itemListElement":[{"@type":"ListItem","position":1,"name":"PRODUCTOS","item":"https://elrincondefehmi.com/es/all-product/"},{"@type":"ListItem","position":2,"name":"Kilim Rahrah para Pasillo 85&#215;290 cm"}]},{"@type":"WebSite","@id":"https://elrincondefehmi.com/es/#website","url":"https://elrincondefehmi.com/es/","name":"El Rincón de Fehmi Madrid","description":"Tienda de alfombras en Madrid.  En El Rincón de Fehmi somos especialistas en alfombras artesanales, alfombras modernas contemporáneas kilims de Turquía","potentialAction":[{"@type":"SearchAction","target":{"@type":"EntryPoint","urlTemplate":"https://elrincondefehmi.com/es/?s={search_term_string}"},"query-input":"required name=search_term_string"}],"inLanguage":"es"}]}</script>
<!-- / Yoast SEO plugin. -->

Alfombras y Kilims en Madrid | El Rincón de Fehmi Madrid

Rahrah kilim Origen: Noreste de Turquía, la región de Van Material: Lana Medidas: 85x290 cm Hecho a mano

El Rincón de Fehmi Madrid

Tienda de alfombras en Madrid.  En El Rincón de Fehmi somos especialistas en alfombras artesanales, alfombras modernas contemporáneas kilims de Turquía
