{"id":23573,"date":"2024-04-21T16:38:34","date_gmt":"2024-04-21T16:38:34","guid":{"rendered":"https:\/\/elrincondefehmi.com\/es\/?post_type=product&#038;p=23573"},"modified":"2024-05-21T11:41:29","modified_gmt":"2024-05-21T11:41:29","slug":"kilim-estrecho","status":"publish","type":"product","link":"https:\/\/elrincondefehmi.com\/es\/tienda\/kilim\/pasilleros\/kilim-estrecho\/","title":{"rendered":"Kilim para pasillo 83&#215;295 cm"},"content":{"rendered":"<p><strong>Dale un Toque de Estilo a tu Pasillo con nuestro Kilim Artesanal Estrecho<\/strong><\/p>\n<p>Agrega un toque de color y calidez a tu pasillo con nuestro impresionante kilim <a href=\"https:\/\/elrincondefehmi.com\/es\/categoria-producto\/alfombras-turcas\/alfombras-vintage\/\">artesanal hecho a mano<\/a>. Con unas medidas de 83&#215;295 cm, este kilim estrecho est\u00e1 dise\u00f1ado espec\u00edficamente para adaptarse perfectamente a pasillos estrechos, convirti\u00e9ndolos en un espacio lleno de estilo y personalidad.<\/p>\n<p>El kilim presenta un dise\u00f1o \u00e9tnico geom\u00e9trico que a\u00f1ade un toque de autenticidad y car\u00e1cter a cualquier ambiente. Cada patr\u00f3n y cada color cuentan una historia \u00fanica, reflejando la rica tradici\u00f3n cultural y la artesan\u00eda excepcional detr\u00e1s de cada hilo tejido a mano.<\/p>\n<p>Con una paleta de colores vibrantes y cautivadores, este kilim estrecho a\u00f1adir\u00e1 vida y vitalidad a tu pasillo. Los tonos c\u00e1lidos y terrosos se combinan con tonos m\u00e1s frescos y neutros para crear un equilibrio armonioso que complementar\u00e1 cualquier estilo de decoraci\u00f3n.<\/p>\n<p>Adem\u00e1s de su impresionante belleza, nuestro kilim artesanal est\u00e1 hecho con los m\u00e1s altos est\u00e1ndares de calidad y artesan\u00eda. Cada hilo ha sido cuidadosamente seleccionado y tejido a mano por expertos artesanos, garantizando una pieza duradera y resistente que resistir\u00e1 el paso del tiempo.<\/p>\n<p>Agrega estilo, color y calidez a tu pasillo con nuestro kilim artesanal estrecho. Descubre c\u00f3mo esta hermosa pieza puede transformar tu espacio y convertir tu pasillo en un lugar acogedor y lleno de car\u00e1cter que disfrutar\u00e1s durante a\u00f1os.<\/p>\n","protected":false},"excerpt":{"rendered":"<p>Origen: Turqu\u00eda \/ Kayseri centro de Anatolia.<br \/>\nMaterial: Lana.<br \/>\nMedidas: 83\u00d7295 cm<br \/>\nHecho a mano.<br \/>\nEstado: Nuevo<\/p>\n","protected":false},"featured_media":23574,"comment_status":"open","ping_status":"closed","template":"","meta":[],"product_cat":[335,434,16],"product_tag":[391,355,353,352],"yoast_head":"<!-- This site is optimized with the Yoast SEO plugin v21.5 - https:\/\/yoast.com\/wordpress\/plugins\/seo\/ -->\n<title>Kilim Estrecho | El Rinc\u00f3n de Fehmi Madrid | Tienda de Kilim<\/title>\n<meta name=\"description\" content=\"Kilim Estrecho para tu pasillo. Dale un Toque de Estilo a tu Pasillo con nuestro Kilim Artesanal Estrecho con precios de outlet. Tienda de Kilim en Madrid..\" \/>\n<meta name=\"robots\" content=\"index, follow, max-snippet:-1, max-image-preview:large, max-video-preview:-1\" \/>\n<link rel=\"canonical\" href=\"https:\/\/elrincondefehmi.com\/es\/tienda\/kilim\/pasilleros\/kilim-estrecho\/\" \/>\n<meta property=\"og:locale\" content=\"es_ES\" \/>\n<meta property=\"og:type\" content=\"article\" \/>\n<meta property=\"og:title\" content=\"Kilim Estrecho | El Rinc\u00f3n de Fehmi Madrid | Tienda de Kilim\" \/>\n<meta property=\"og:description\" content=\"Kilim Estrecho para tu pasillo. Dale un Toque de Estilo a tu Pasillo con nuestro Kilim Artesanal Estrecho con precios de outlet. Tienda de Kilim en Madrid..\" \/>\n<meta property=\"og:url\" content=\"https:\/\/elrincondefehmi.com\/es\/tienda\/kilim\/pasilleros\/kilim-estrecho\/\" \/>\n<meta property=\"og:site_name\" content=\"El Rinc\u00f3n de Fehmi Madrid\" \/>\n<meta property=\"article:modified_time\" content=\"2024-05-21T11:41:29+00:00\" \/>\n<meta property=\"og:image\" content=\"https:\/\/elrincondefehmi.com\/es\/wp-content\/uploads\/2024\/04\/IMG_2851.jpg\" \/>\n\t<meta property=\"og:image:width\" content=\"750\" \/>\n\t<meta property=\"og:image:height\" content=\"1070\" \/>\n\t<meta property=\"og:image:type\" content=\"image\/jpeg\" \/>\n<meta name=\"twitter:card\" content=\"summary_large_image\" \/>\n<script type=\"application\/ld+json\" class=\"yoast-schema-graph\">{\"@context\":\"https:\/\/schema.org\",\"@graph\":[{\"@type\":\"WebPage\",\"@id\":\"https:\/\/elrincondefehmi.com\/es\/tienda\/kilim\/pasilleros\/kilim-estrecho\/\",\"url\":\"https:\/\/elrincondefehmi.com\/es\/tienda\/kilim\/pasilleros\/kilim-estrecho\/\",\"name\":\"Kilim Estrecho | El Rinc\u00f3n de Fehmi Madrid | Tienda de Kilim\",\"isPartOf\":{\"@id\":\"https:\/\/elrincondefehmi.com\/es\/#website\"},\"datePublished\":\"2024-04-21T16:38:34+00:00\",\"dateModified\":\"2024-05-21T11:41:29+00:00\",\"description\":\"Kilim Estrecho para tu pasillo. Dale un Toque de Estilo a tu Pasillo con nuestro Kilim Artesanal Estrecho con precios de outlet. Tienda de Kilim en Madrid..\",\"breadcrumb\":{\"@id\":\"https:\/\/elrincondefehmi.com\/es\/tienda\/kilim\/pasilleros\/kilim-estrecho\/#breadcrumb\"},\"inLanguage\":\"es\",\"potentialAction\":[{\"@type\":\"ReadAction\",\"target\":[\"https:\/\/elrincondefehmi.com\/es\/tienda\/kilim\/pasilleros\/kilim-estrecho\/\"]}]},{\"@type\":\"BreadcrumbList\",\"@id\":\"https:\/\/elrincondefehmi.com\/es\/tienda\/kilim\/pasilleros\/kilim-estrecho\/#breadcrumb\",\"itemListElement\":[{\"@type\":\"ListItem\",\"position\":1,\"name\":\"PRODUCTOS\",\"item\":\"https:\/\/elrincondefehmi.com\/es\/all-product\/\"},{\"@type\":\"ListItem\",\"position\":2,\"name\":\"Kilim para pasillo 83&#215;295 cm\"}]},{\"@type\":\"WebSite\",\"@id\":\"https:\/\/elrincondefehmi.com\/es\/#website\",\"url\":\"https:\/\/elrincondefehmi.com\/es\/\",\"name\":\"El Rinc\u00f3n de Fehmi Madrid\",\"description\":\"Tienda de alfombras en Madrid.  En El Rinc\u00f3n de Fehmi somos especialistas en alfombras artesanales, alfombras modernas contempor\u00e1neas kilims de Turqu\u00eda\",\"potentialAction\":[{\"@type\":\"SearchAction\",\"target\":{\"@type\":\"EntryPoint\",\"urlTemplate\":\"https:\/\/elrincondefehmi.com\/es\/?s={search_term_string}\"},\"query-input\":\"required name=search_term_string\"}],\"inLanguage\":\"es\"}]}<\/script>\n<!-- \/ Yoast SEO plugin. -->","yoast_head_json":{"title":"Kilim Estrecho | El Rinc\u00f3n de Fehmi Madrid | Tienda de Kilim","description":"Kilim Estrecho para tu pasillo. Dale un Toque de Estilo a tu Pasillo con nuestro Kilim Artesanal Estrecho con precios de outlet. Tienda de Kilim en Madrid..","robots":{"index":"index","follow":"follow","max-snippet":"max-snippet:-1","max-image-preview":"max-image-preview:large","max-video-preview":"max-video-preview:-1"},"canonical":"https:\/\/elrincondefehmi.com\/es\/tienda\/kilim\/pasilleros\/kilim-estrecho\/","og_locale":"es_ES","og_type":"article","og_title":"Kilim Estrecho | El Rinc\u00f3n de Fehmi Madrid | Tienda de Kilim","og_description":"Kilim Estrecho para tu pasillo. Dale un Toque de Estilo a tu Pasillo con nuestro Kilim Artesanal Estrecho con precios de outlet. Tienda de Kilim en Madrid..","og_url":"https:\/\/elrincondefehmi.com\/es\/tienda\/kilim\/pasilleros\/kilim-estrecho\/","og_site_name":"El Rinc\u00f3n de Fehmi Madrid","article_modified_time":"2024-05-21T11:41:29+00:00","og_image":[{"width":750,"height":1070,"url":"https:\/\/elrincondefehmi.com\/es\/wp-content\/uploads\/2024\/04\/IMG_2851.jpg","type":"image\/jpeg"}],"twitter_card":"summary_large_image","schema":{"@context":"https:\/\/schema.org","@graph":[{"@type":"WebPage","@id":"https:\/\/elrincondefehmi.com\/es\/tienda\/kilim\/pasilleros\/kilim-estrecho\/","url":"https:\/\/elrincondefehmi.com\/es\/tienda\/kilim\/pasilleros\/kilim-estrecho\/","name":"Kilim Estrecho | El Rinc\u00f3n de Fehmi Madrid | Tienda de Kilim","isPartOf":{"@id":"https:\/\/elrincondefehmi.com\/es\/#website"},"datePublished":"2024-04-21T16:38:34+00:00","dateModified":"2024-05-21T11:41:29+00:00","description":"Kilim Estrecho para tu pasillo. Dale un Toque de Estilo a tu Pasillo con nuestro Kilim Artesanal Estrecho con precios de outlet. Tienda de Kilim en Madrid..","breadcrumb":{"@id":"https:\/\/elrincondefehmi.com\/es\/tienda\/kilim\/pasilleros\/kilim-estrecho\/#breadcrumb"},"inLanguage":"es","potentialAction":[{"@type":"ReadAction","target":["https:\/\/elrincondefehmi.com\/es\/tienda\/kilim\/pasilleros\/kilim-estrecho\/"]}]},{"@type":"BreadcrumbList","@id":"https:\/\/elrincondefehmi.com\/es\/tienda\/kilim\/pasilleros\/kilim-estrecho\/#breadcrumb","itemListElement":[{"@type":"ListItem","position":1,"name":"PRODUCTOS","item":"https:\/\/elrincondefehmi.com\/es\/all-product\/"},{"@type":"ListItem","position":2,"name":"Kilim para pasillo 83&#215;295 cm"}]},{"@type":"WebSite","@id":"https:\/\/elrincondefehmi.com\/es\/#website","url":"https:\/\/elrincondefehmi.com\/es\/","name":"El Rinc\u00f3n de Fehmi Madrid","description":"Tienda de alfombras en Madrid.  En El Rinc\u00f3n de Fehmi somos especialistas en alfombras artesanales, alfombras modernas contempor\u00e1neas kilims de Turqu\u00eda","potentialAction":[{"@type":"SearchAction","target":{"@type":"EntryPoint","urlTemplate":"https:\/\/elrincondefehmi.com\/es\/?s={search_term_string}"},"query-input":"required name=search_term_string"}],"inLanguage":"es"}]}},"_links":{"self":[{"href":"https:\/\/elrincondefehmi.com\/es\/wp-json\/wp\/v2\/product\/23573"}],"collection":[{"href":"https:\/\/elrincondefehmi.com\/es\/wp-json\/wp\/v2\/product"}],"about":[{"href":"https:\/\/elrincondefehmi.com\/es\/wp-json\/wp\/v2\/types\/product"}],"replies":[{"embeddable":true,"href":"https:\/\/elrincondefehmi.com\/es\/wp-json\/wp\/v2\/comments?post=23573"}],"wp:featuredmedia":[{"embeddable":true,"href":"https:\/\/elrincondefehmi.com\/es\/wp-json\/wp\/v2\/media\/23574"}],"wp:attachment":[{"href":"https:\/\/elrincondefehmi.com\/es\/wp-json\/wp\/v2\/media?parent=23573"}],"wp:term":[{"taxonomy":"product_cat","embeddable":true,"href":"https:\/\/elrincondefehmi.com\/es\/wp-json\/wp\/v2\/product_cat?post=23573"},{"taxonomy":"product_tag","embeddable":true,"href":"https:\/\/elrincondefehmi.com\/es\/wp-json\/wp\/v2\/product_tag?post=23573"}],"curies":[{"name":"wp","href":"https:\/\/api.w.org\/{rel}","templated":true}]}}

<p><strong>Dale un Toque de Estilo a tu Pasillo con nuestro Kilim Artesanal Estrecho</strong></p>
<p>Agrega un toque de color y calidez a tu pasillo con nuestro impresionante kilim <a href="https://elrincondefehmi.com/es/categoria-producto/alfombras-turcas/alfombras-vintage/">artesanal hecho a mano</a>. Con unas medidas de 83&#215;295 cm, este kilim estrecho está diseñado específicamente para adaptarse perfectamente a pasillos estrechos, convirtiéndolos en un espacio lleno de estilo y personalidad.</p>
<p>El kilim presenta un diseño étnico geométrico que añade un toque de autenticidad y carácter a cualquier ambiente. Cada patrón y cada color cuentan una historia única, reflejando la rica tradición cultural y la artesanía excepcional detrás de cada hilo tejido a mano.</p>
<p>Con una paleta de colores vibrantes y cautivadores, este kilim estrecho añadirá vida y vitalidad a tu pasillo. Los tonos cálidos y terrosos se combinan con tonos más frescos y neutros para crear un equilibrio armonioso que complementará cualquier estilo de decoración.</p>
<p>Además de su impresionante belleza, nuestro kilim artesanal está hecho con los más altos estándares de calidad y artesanía. Cada hilo ha sido cuidadosamente seleccionado y tejido a mano por expertos artesanos, garantizando una pieza duradera y resistente que resistirá el paso del tiempo.</p>
<p>Agrega estilo, color y calidez a tu pasillo con nuestro kilim artesanal estrecho. Descubre cómo esta hermosa pieza puede transformar tu espacio y convertir tu pasillo en un lugar acogedor y lleno de carácter que disfrutarás durante años.</p>

<p>Origen: Turquía / Kayseri centro de Anatolia.<br />
Material: Lana.<br />
Medidas: 83×295 cm<br />
Hecho a mano.<br />
Estado: Nuevo</p>

<!-- This site is optimized with the Yoast SEO plugin v21.5 - https://yoast.com/wordpress/plugins/seo/ -->
<title>Kilim Estrecho | El Rincón de Fehmi Madrid | Tienda de Kilim</title>
<meta name="description" content="Kilim Estrecho para tu pasillo. Dale un Toque de Estilo a tu Pasillo con nuestro Kilim Artesanal Estrecho con precios de outlet. Tienda de Kilim en Madrid.." />
<meta name="robots" content="index, follow, max-snippet:-1, max-image-preview:large, max-video-preview:-1" />
<link rel="canonical" href="https://elrincondefehmi.com/es/tienda/kilim/pasilleros/kilim-estrecho/" />
<meta property="og:locale" content="es_ES" />
<meta property="og:type" content="article" />
<meta property="og:title" content="Kilim Estrecho | El Rincón de Fehmi Madrid | Tienda de Kilim" />
<meta property="og:description" content="Kilim Estrecho para tu pasillo. Dale un Toque de Estilo a tu Pasillo con nuestro Kilim Artesanal Estrecho con precios de outlet. Tienda de Kilim en Madrid.." />
<meta property="og:url" content="https://elrincondefehmi.com/es/tienda/kilim/pasilleros/kilim-estrecho/" />
<meta property="og:site_name" content="El Rincón de Fehmi Madrid" />
<meta property="article:modified_time" content="2024-05-21T11:41:29+00:00" />
<meta property="og:image" content="https://elrincondefehmi.com/es/wp-content/uploads/2024/04/IMG_2851.jpg" />
	<meta property="og:image:width" content="750" />
	<meta property="og:image:height" content="1070" />
	<meta property="og:image:type" content="image/jpeg" />
<meta name="twitter:card" content="summary_large_image" />
<script type="application/ld+json" class="yoast-schema-graph">{"@context":"https://schema.org","@graph":[{"@type":"WebPage","@id":"https://elrincondefehmi.com/es/tienda/kilim/pasilleros/kilim-estrecho/","url":"https://elrincondefehmi.com/es/tienda/kilim/pasilleros/kilim-estrecho/","name":"Kilim Estrecho | El Rincón de Fehmi Madrid | Tienda de Kilim","isPartOf":{"@id":"https://elrincondefehmi.com/es/#website"},"datePublished":"2024-04-21T16:38:34+00:00","dateModified":"2024-05-21T11:41:29+00:00","description":"Kilim Estrecho para tu pasillo. Dale un Toque de Estilo a tu Pasillo con nuestro Kilim Artesanal Estrecho con precios de outlet. Tienda de Kilim en Madrid..","breadcrumb":{"@id":"https://elrincondefehmi.com/es/tienda/kilim/pasilleros/kilim-estrecho/#breadcrumb"},"inLanguage":"es","potentialAction":[{"@type":"ReadAction","target":["https://elrincondefehmi.com/es/tienda/kilim/pasilleros/kilim-estrecho/"]}]},{"@type":"BreadcrumbList","@id":"https://elrincondefehmi.com/es/tienda/kilim/pasilleros/kilim-estrecho/#breadcrumb","itemListElement":[{"@type":"ListItem","position":1,"name":"PRODUCTOS","item":"https://elrincondefehmi.com/es/all-product/"},{"@type":"ListItem","position":2,"name":"Kilim para pasillo 83&#215;295 cm"}]},{"@type":"WebSite","@id":"https://elrincondefehmi.com/es/#website","url":"https://elrincondefehmi.com/es/","name":"El Rincón de Fehmi Madrid","description":"Tienda de alfombras en Madrid.  En El Rincón de Fehmi somos especialistas en alfombras artesanales, alfombras modernas contemporáneas kilims de Turquía","potentialAction":[{"@type":"SearchAction","target":{"@type":"EntryPoint","urlTemplate":"https://elrincondefehmi.com/es/?s={search_term_string}"},"query-input":"required name=search_term_string"}],"inLanguage":"es"}]}</script>
<!-- / Yoast SEO plugin. -->

Kilim Estrecho | El Rincón de Fehmi Madrid | Tienda de Kilim

El Rincón de Fehmi Madrid

Tienda de alfombras en Madrid.  En El Rincón de Fehmi somos especialistas en alfombras artesanales, alfombras modernas contemporáneas kilims de Turquía
